61.
517
What is the greatest common factor of 1993208 and 21?
7
Calculate the greatest common factor of 1184 and 304.
16
Calculate the highest common divisor of 210039 and 159.
159
What is the highest common factor of 666 and 103119?
111
What is the greatest common factor of 220894 and 133?
19
Calculate the highest common divisor of 5479 and 1.
1
Calculate the greatest common factor of 2448 and 175304.
136
What is the highest common divisor of 73606 and 988?
494
Calculate the greatest common factor of 16 and 1186576.
16
Calculate the highest common factor of 36142 and 136.
34
Calculate the greatest common factor of 40928 and 2272.
32
Calculate the highest common factor of 16499 and 14.
7
What is the greatest common divisor of 12 and 252012?
12
Calculate the highest common divisor of 55062 and 10458.
126
What is the highest common factor of 518 and 174307?
259
What is the highest common divisor of 1912 and 16?
8
What is the highest common factor of 399 and 35454?
57
What is the highest common factor of 412160 and 336?
112
What is the highest common factor of 2660 and 1316?
28
What is the greatest common divisor of 52 and 2295826?
26
What is the highest common factor of 2071 and 18748?
109
Calculate the greatest common factor of 5060012 and 332.
332
What is the highest common divisor of 2405 and 8140?
185
What is the greatest common divisor of 430540 and 52839?
1957
What is the highest common factor of 162 and 2940?
6
Calculate the greatest common factor of 48 and 15027.
3
Calculate the greatest common divisor of 906 and 10419.
453
What is the highest common factor of 21 and 454497?
3
What is the greatest common divisor of 712 and 164828?
356
What is the greatest common factor of 161993 and 78?
13
Calculate the greatest common divisor of 1071209 and 2062.
1031
Calculate the greatest common factor of 57851 and 205.
41
What is the greatest common factor of 1072 and 74236?
268
Calculate the highest common divisor of 6419 and 6272.
49
Calculate the highest common divisor of 603 and 204216.
201
Calculate the greatest common divisor of 71064 and 144.
72
What is the highest common factor of 40992 and 678?
6
What is the greatest common factor of 3537 and 1809?
27
Calculate the highest common factor of 852 and 4572.
12
Calculate the greatest common divisor of 63 and 18123.
21
What is the greatest common divisor of 1731175 and 25?
25
Calculate the greatest common factor of 11170 and 10.
10
Calculate the highest common factor of 4980 and 3240.
60
Calculate the greatest common factor of 110 and 50270.
110
What is the greatest common divisor of 346403 and 736?
23
What is the greatest common factor of 76002 and 6837?
159
Calculate the highest common factor of 6335 and 7.
7
Calculate the greatest common factor of 713 and 25093.
23
Calculate the highest common factor of 144651 and 39.
39
Calculate the highest common factor of 54 and 176661.
27
Calculate the greatest common divisor of 3045 and 34125.
105
Calculate the greatest common divisor of 132 and 21.
3
Calculate the greatest common factor of 880 and 2064.
16
Calculate the highest common factor of 181320 and 3340.
20
Calculate the greatest common divisor of 1040 and 38320.
80
Calculate the highest common factor of 910 and 104585.
65
Calculate the greatest common divisor of 70407 and 63.
9
What is the greatest common divisor of 518336 and 39?
13
Calculate the greatest common factor of 1992 and 14691.
249
What is the highest common factor of 99510 and 180?
30
Calculate the greatest common factor of 2709 and 73530.
387
Calculate the greatest common divisor of 55140 and 1140.
60
Calculate the highest common divisor of 321191 and 806.
403
Calculate the greatest common factor of 7938 and 38502.
54
What is the greatest common divisor of 17968 and 6368?
16
Calculate the highest common divisor of 1381203 and 166.
83
Calculate the greatest common factor of 1681 and 2501.
41
Calculate the highest common factor of 534 and 2402199.
267
What is the highest common factor of 11375 and 15625?
125
What is the greatest common factor of 789 and 236437?
263
What is the greatest common factor of 492 and 13653?
123
What is the greatest common divisor of 4266 and 317027?
79
What is the greatest common divisor of 81 and 30699?
81
Calculate the greatest common factor of 400799 and 217.
217
What is the highest common factor of 2057403 and 1013?
1013
What is the highest common divisor of 21069 and 99?
9
Calculate the greatest common divisor of 1194018 and 42.
42
Calculate the greatest common factor of 126 and 92960.
14
Calculate the greatest common factor of 10043 and 3333.
11
What is the highest common factor of 16900 and 1150?
50
What is the greatest common divisor of 18448 and 240?
16
Calculate the highest common factor of 385462 and 308.
154
What is the highest common factor of 222046 and 2?
2
What is the greatest common divisor of 5117 and 119?
119
Calculate the greatest common divisor of 1848 and 48664.
616
What is the highest common divisor of 40 and 14344?
8
Calculate the greatest common factor of 15048 and 25146.
198
Calculate the highest common factor of 815 and 276937.
163
What is the highest common divisor of 63846 and 54?
18
Calculate the highest common divisor of 10 and 60160.
10
Calculate the greatest common divisor of 1863 and 1521.
9
Calculate the highest common factor of 7677 and 99.
9
What is the highest common divisor of 693 and 25344?
99
Calculate the greatest common divisor of 162 and 1896.
6
What is the highest common divisor of 654 and 28558?
218
Calculate the highest common factor of 1218 and 4461.
3
What is the greatest common divisor of 10669 and 376?
47
Calculate the highest common factor of 35424 and 459.
27
Calculate the highest common divisor of 9 and 548109.
9
Calculate the highest common divisor of 210 and 1440.
30
What is the greatest common factor of 3200 and 25856?
128
What is the greatest common factor of 2185 and 19320?
115
What is the greatest common factor of 2109 and 28749?
111
What is the greatest common factor of 6760 and 1664?
104
What is the highest common factor of 411100 and 1600?
100
What is the greatest common factor of 432 and 1017?
9
Calculate the greatest common divisor of 194 and 314.
2
Calculate the greatest common divisor of 6715 and 37920.
395
Calculate the greatest common divisor of 632 and 15172.
4
What is the highest common divisor of 1749 and 14575?
583
What is the greatest common factor of 1452 and 20559?
33
Calculate the greatest common factor of 220184 and 136.
136
Calculate the greatest common divisor of 109 and 177125.
109
What is the greatest common divisor of 476 and 43274?
14
What is the greatest common divisor of 21568 and 1408?
64
Calculate the highest common factor of 6100 and 4200.
100
What is the greatest common factor of 1759267 and 38?
19
Calculate the highest common divisor of 2263 and 1168.
73
Calculate the greatest common divisor of 138 and 230598.
138
What is the highest common divisor of 89359 and 1351?
193
What is the highest common divisor of 190 and 2204?
38
Calculate the highest common divisor of 262287 and 33975.
1359
Calculate the greatest common factor of 466 and 1302703.
233
What is the greatest common divisor of 9340 and 16580?
20
Calculate the highest common divisor of 2123 and 12545.
193
Calculate the highest common factor of 29444 and 204.
68
Calculate the greatest common divisor of 186 and 55738.
62
What is the greatest common divisor of 2067810 and 210?
30
What is the highest common factor of 19810 and 2590?
70
Calculate the highest common factor of 675 and 225963.
27
What is the highest common factor of 3150 and 11175?
75
Calculate the greatest common factor of 1482 and 49218.
78
What is the greatest common divisor of 1572 and 4548?
12
What is the highest common factor of 80 and 395?
5
Calculate the greatest common factor of 594 and 35532.
54
Calculate the greatest common divisor of 15177 and 69.
3
Calculate the highest common factor of 176 and 1216336.
176
Calculate the greatest common factor of 111201 and 1212.
303
What is the highest common divisor of 168 and 19530?
42
What is the highest common factor of 59 and 210571?
59
Calculate the greatest common divisor of 10230 and 2010.
30
What is the greatest common factor of 18 and 121365?